{"id":965,"date":"2021-08-10T08:15:59","date_gmt":"2021-08-10T08:15:59","guid":{"rendered":"http:\/\/e2tes.ist.utl.pt\/~e2tes.daemon\/wordpress\/?page_id=965"},"modified":"2021-08-10T10:06:53","modified_gmt":"2021-08-10T10:06:53","slug":"projects","status":"publish","type":"page","link":"https:\/\/e2tes.ist.utl.pt\/wordpress\/projects\/","title":{"rendered":"Projects"},"content":{"rendered":"\t\t<div data-elementor-type=\"wp-page\" data-elementor-id=\"965\" class=\"elementor elementor-965\">\n\t\t\t\t\t\t\t\t\t<section class=\"elementor-section elementor-top-section elementor-element elementor-element-871ae4e elementor-section-boxed elementor-section-height-default elementor-section-height-default\" data-id=\"871ae4e\" data-element_type=\"section\">\n\t\t\t\t\t\t<div class=\"elementor-container elementor-column-gap-default\">\n\t\t\t\t\t<div class=\"elementor-column elementor-col-100 elementor-top-column elementor-element elementor-element-3c374c3\" data-id=\"3c374c3\" data-element_type=\"column\">\n\t\t\t<div class=\"elementor-widget-wrap elementor-element-populated\">\n\t\t\t\t\t\t\t\t<div class=\"elementor-element elementor-element-142a755 elementor-widget elementor-widget-image\" data-id=\"142a755\" data-element_type=\"widget\" data-widget_type=\"image.default\">\n\t\t\t\t<div class=\"elementor-widget-container\">\n\t\t\t<style>\/*! elementor - v3.6.7 - 03-07-2022 *\/\n.elementor-widget-image{text-align:center}.elementor-widget-image a{display:inline-block}.elementor-widget-image a img[src$=\".svg\"]{width:48px}.elementor-widget-image img{vertical-align:middle;display:inline-block}<\/style>\t\t\t\t\t\t\t\t\t\t\t\t<img decoding=\"async\" width=\"1065\" height=\"139\" src=\"https:\/\/e2tes.ist.utl.pt\/wordpress\/wp-content\/uploads\/2021\/07\/cover.png\" class=\"attachment-full size-full\" alt=\"\" loading=\"lazy\" srcset=\"https:\/\/e2tes.ist.utl.pt\/wordpress\/wp-content\/uploads\/2021\/07\/cover.png 1065w, https:\/\/e2tes.ist.utl.pt\/wordpress\/wp-content\/uploads\/2021\/07\/cover-300x39.png 300w, https:\/\/e2tes.ist.utl.pt\/wordpress\/wp-content\/uploads\/2021\/07\/cover-1024x134.png 1024w, https:\/\/e2tes.ist.utl.pt\/wordpress\/wp-content\/uploads\/2021\/07\/cover-768x100.png 768w\" sizes=\"(max-width: 1065px) 100vw, 1065px\" \/>\t\t\t\t\t\t\t\t\t\t\t\t\t\t\t<\/div>\n\t\t\t\t<\/div>\n\t\t\t\t\t<\/div>\n\t\t<\/div>\n\t\t\t\t\t\t\t<\/div>\n\t\t<\/section>\n\t\t\t\t<section class=\"elementor-section elementor-top-section elementor-element elementor-element-540798e elementor-section-boxed elementor-section-height-default elementor-section-height-default\" data-id=\"540798e\" data-element_type=\"section\">\n\t\t\t\t\t\t<div class=\"elementor-container elementor-column-gap-default\">\n\t\t\t\t\t<div class=\"elementor-column elementor-col-100 elementor-top-column elementor-element elementor-element-6369fa3\" data-id=\"6369fa3\" data-element_type=\"column\">\n\t\t\t<div class=\"elementor-widget-wrap elementor-element-populated\">\n\t\t\t\t\t\t\t\t<div class=\"elementor-element elementor-element-18d25c5 elementor-widget elementor-widget-text-editor\" data-id=\"18d25c5\" data-element_type=\"widget\" data-widget_type=\"text-editor.default\">\n\t\t\t\t<div class=\"elementor-widget-container\">\n\t\t\t<style>\/*! elementor - v3.6.7 - 03-07-2022 *\/\n.elementor-widget-text-editor.elementor-drop-cap-view-stacked .elementor-drop-cap{background-color:#818a91;color:#fff}.elementor-widget-text-editor.elementor-drop-cap-view-framed .elementor-drop-cap{color:#818a91;border:3px solid;background-color:transparent}.elementor-widget-text-editor:not(.elementor-drop-cap-view-default) .elementor-drop-cap{margin-top:8px}.elementor-widget-text-editor:not(.elementor-drop-cap-view-default) .elementor-drop-cap-letter{width:1em;height:1em}.elementor-widget-text-editor .elementor-drop-cap{float:left;text-align:center;line-height:1;font-size:50px}.elementor-widget-text-editor .elementor-drop-cap-letter{display:inline-block}<\/style>\t\t\t\t<p>We aim to collaborate in international and national projects in the areas of: application of new materials for power systems, development of energy conversion devices and energy efficiency technologies.<\/p>\t\t\t\t\t\t<\/div>\n\t\t\t\t<\/div>\n\t\t\t\t\t<\/div>\n\t\t<\/div>\n\t\t\t\t\t\t\t<\/div>\n\t\t<\/section>\n\t\t\t\t<section class=\"elementor-section elementor-top-section elementor-element elementor-element-fb67107 elementor-section-boxed elementor-section-height-default elementor-section-height-default\" data-id=\"fb67107\" data-element_type=\"section\">\n\t\t\t\t\t\t<div class=\"elementor-container elementor-column-gap-default\">\n\t\t\t\t\t<div class=\"elementor-column elementor-col-100 elementor-top-column elementor-element elementor-element-0621568\" data-id=\"0621568\" data-element_type=\"column\">\n\t\t\t<div class=\"elementor-widget-wrap elementor-element-populated\">\n\t\t\t\t\t\t\t\t<div class=\"elementor-element elementor-element-f6e3b15 elementor-widget-divider--view-line elementor-widget elementor-widget-divider\" data-id=\"f6e3b15\" data-element_type=\"widget\" data-widget_type=\"divider.default\">\n\t\t\t\t<div class=\"elementor-widget-container\">\n\t\t\t<style>\/*! elementor - v3.6.7 - 03-07-2022 *\/\n.elementor-widget-divider{--divider-border-style:none;--divider-border-width:1px;--divider-color:#2c2c2c;--divider-icon-size:20px;--divider-element-spacing:10px;--divider-pattern-height:24px;--divider-pattern-size:20px;--divider-pattern-url:none;--divider-pattern-repeat:repeat-x}.elementor-widget-divider .elementor-divider{display:-webkit-box;display:-ms-flexbox;display:flex}.elementor-widget-divider .elementor-divider__text{font-size:15px;line-height:1;max-width:95%}.elementor-widget-divider .elementor-divider__element{margin:0 var(--divider-element-spacing);-ms-flex-negative:0;flex-shrink:0}.elementor-widget-divider .elementor-icon{font-size:var(--divider-icon-size)}.elementor-widget-divider .elementor-divider-separator{display:-webkit-box;display:-ms-flexbox;display:flex;margin:0;direction:ltr}.elementor-widget-divider--view-line_icon .elementor-divider-separator,.elementor-widget-divider--view-line_text .elementor-divider-separator{-webkit-box-align:center;-ms-flex-align:center;align-items:center}.elementor-widget-divider--view-line_icon .elementor-divider-separator:after,.elementor-widget-divider--view-line_icon .elementor-divider-separator:before,.elementor-widget-divider--view-line_text .elementor-divider-separator:after,.elementor-widget-divider--view-line_text .elementor-divider-separator:before{display:block;content:\"\";border-bottom:0;-webkit-box-flex:1;-ms-flex-positive:1;flex-grow:1;border-top:var(--divider-border-width) var(--divider-border-style) var(--divider-color)}.elementor-widget-divider--element-align-left .elementor-divider .elementor-divider-separator>.elementor-divider__svg:first-of-type{-webkit-box-flex:0;-ms-flex-positive:0;flex-grow:0;-ms-flex-negative:100;flex-shrink:100}.elementor-widget-divider--element-align-left .elementor-divider-separator:before{content:none}.elementor-widget-divider--element-align-left .elementor-divider__element{margin-left:0}.elementor-widget-divider--element-align-right .elementor-divider .elementor-divider-separator>.elementor-divider__svg:last-of-type{-webkit-box-flex:0;-ms-flex-positive:0;flex-grow:0;-ms-flex-negative:100;flex-shrink:100}.elementor-widget-divider--element-align-right .elementor-divider-separator:after{content:none}.elementor-widget-divider--element-align-right .elementor-divider__element{margin-right:0}.elementor-widget-divider:not(.elementor-widget-divider--view-line_text):not(.elementor-widget-divider--view-line_icon) .elementor-divider-separator{border-top:var(--divider-border-width) var(--divider-border-style) var(--divider-color)}.elementor-widget-divider--separator-type-pattern{--divider-border-style:none}.elementor-widget-divider--separator-type-pattern.elementor-widget-divider--view-line .elementor-divider-separator,.elementor-widget-divider--separator-type-pattern:not(.elementor-widget-divider--view-line) .elementor-divider-separator:after,.elementor-widget-divider--separator-type-pattern:not(.elementor-widget-divider--view-line) .elementor-divider-separator:before,.elementor-widget-divider--separator-type-pattern:not([class*=elementor-widget-divider--view]) .elementor-divider-separator{width:100%;min-height:var(--divider-pattern-height);-webkit-mask-size:var(--divider-pattern-size) 100%;mask-size:var(--divider-pattern-size) 100%;-webkit-mask-repeat:var(--divider-pattern-repeat);mask-repeat:var(--divider-pattern-repeat);background-color:var(--divider-color);-webkit-mask-image:var(--divider-pattern-url);mask-image:var(--divider-pattern-url)}.elementor-widget-divider--no-spacing{--divider-pattern-size:auto}.elementor-widget-divider--bg-round{--divider-pattern-repeat:round}.rtl .elementor-widget-divider .elementor-divider__text{direction:rtl}<\/style>\t\t<div class=\"elementor-divider\">\n\t\t\t<span class=\"elementor-divider-separator\">\n\t\t\t\t\t\t<\/span>\n\t\t<\/div>\n\t\t\t\t<\/div>\n\t\t\t\t<\/div>\n\t\t\t\t\t<\/div>\n\t\t<\/div>\n\t\t\t\t\t\t\t<\/div>\n\t\t<\/section>\n\t\t\t\t<section class=\"elementor-section elementor-top-section elementor-element elementor-element-cf519bf elementor-section-boxed elementor-section-height-default elementor-section-height-default\" data-id=\"cf519bf\" data-element_type=\"section\">\n\t\t\t\t\t\t\t<div class=\"elementor-background-overlay\"><\/div>\n\t\t\t\t\t\t\t<div class=\"elementor-container elementor-column-gap-default\">\n\t\t\t\t\t<div class=\"elementor-column elementor-col-100 elementor-top-column elementor-element elementor-element-447082c\" data-id=\"447082c\" data-element_type=\"column\">\n\t\t\t<div class=\"elementor-widget-wrap elementor-element-populated\">\n\t\t\t\t\t\t\t\t<div class=\"elementor-element elementor-element-8fa6fd3 elementor-widget elementor-widget-heading\" data-id=\"8fa6fd3\" data-element_type=\"widget\" data-widget_type=\"heading.default\">\n\t\t\t\t<div class=\"elementor-widget-container\">\n\t\t\t<style>\/*! elementor - v3.6.7 - 03-07-2022 *\/\n.elementor-heading-title{padding:0;margin:0;line-height:1}.elementor-widget-heading .elementor-heading-title[class*=elementor-size-]>a{color:inherit;font-size:inherit;line-height:inherit}.elementor-widget-heading .elementor-heading-title.elementor-size-small{font-size:15px}.elementor-widget-heading .elementor-heading-title.elementor-size-medium{font-size:19px}.elementor-widget-heading .elementor-heading-title.elementor-size-large{font-size:29px}.elementor-widget-heading .elementor-heading-title.elementor-size-xl{font-size:39px}.elementor-widget-heading .elementor-heading-title.elementor-size-xxl{font-size:59px}<\/style><h2 class=\"elementor-heading-title elementor-size-default\">Projects<\/h2>\t\t<\/div>\n\t\t\t\t<\/div>\n\t\t\t\t\t<\/div>\n\t\t<\/div>\n\t\t\t\t\t\t\t<\/div>\n\t\t<\/section>\n\t\t\t\t<section class=\"elementor-section elementor-top-section elementor-element elementor-element-6b2e7f3 elementor-section-boxed elementor-section-height-default elementor-section-height-default\" data-id=\"6b2e7f3\" data-element_type=\"section\">\n\t\t\t\t\t\t<div class=\"elementor-container elementor-column-gap-default\">\n\t\t\t\t\t<div class=\"elementor-column elementor-col-100 elementor-top-column elementor-element elementor-element-398d4d5\" data-id=\"398d4d5\" data-element_type=\"column\">\n\t\t\t<div class=\"elementor-widget-wrap elementor-element-populated\">\n\t\t\t\t\t\t\t\t<div class=\"elementor-element elementor-element-42acfa9 elementor-widget elementor-widget-he-news-module-fourteen\" data-id=\"42acfa9\" data-element_type=\"widget\" data-widget_type=\"he-news-module-fourteen.default\">\n\t\t\t\t<div class=\"elementor-widget-container\">\n\t\t\t        <div class=\"he-news-module-fourteen\">\n\n            \n            <div class=\"he-four-column-block he-col-3\">\n                                    <div class=\"he-post-item\">\n                        <div class=\"he-post-thumb\">\n                            <a href=\"https:\/\/e2tes.ist.utl.pt\/wordpress\/2021\/08\/10\/viena\/\">\n                                <div class=\"he-thumb-container\">\n                                                                            <img decoding=\"async\" alt=\"VIENA &#8211; Ve\u00edculo Inteligente El\u00e9trico de Navega\u00e7\u00e3o Aut\u00f3noma\" src=\"https:\/\/e2tes.ist.utl.pt\/wordpress\/wp-content\/uploads\/2021\/08\/6imagem.jpg\">\n                                                                    <\/div>\n                            <\/a>\n                            <ul class=\"post-categories\"><li><a class=\"he-primary-cat he-category-7\" href=\"https:\/\/e2tes.ist.utl.pt\/wordpress\/category\/project\/\">Project<\/a><\/li><\/ul>                        <\/div>\n\n                        <div class=\"he-post-content\">\n                            <h3 class=\"he-post-title\"><a href=\"https:\/\/e2tes.ist.utl.pt\/wordpress\/2021\/08\/10\/viena\/\">VIENA &#8211; Ve\u00edculo Inteligente El\u00e9trico de Navega\u00e7\u00e3o Aut\u00f3noma<\/a><\/h3>\n                            \n                                        <div class=\"he-excerpt\">\/*! elementor - v3.6.7 - 03-07-2022 *\/\n.elementor-heading-title{padding:0;margin:0;line-height:1}.elementor-widget-heading .elemen...<\/div>\n                                    <\/div>\n                    <\/div>\n                                        <div class=\"he-post-item\">\n                        <div class=\"he-post-thumb\">\n                            <a href=\"https:\/\/e2tes.ist.utl.pt\/wordpress\/2021\/08\/10\/redawn\/\">\n                                <div class=\"he-thumb-container\">\n                                                                            <img decoding=\"async\" alt=\"REDAWN \u2013 Reducing Energy Dependency in Atlantic Area Water Networks, Program Interreg, EU (2016-2021)\" src=\"https:\/\/e2tes.ist.utl.pt\/wordpress\/wp-content\/uploads\/2021\/08\/main-1.png\">\n                                                                    <\/div>\n                            <\/a>\n                            <ul class=\"post-categories\"><li><a class=\"he-primary-cat he-category-7\" href=\"https:\/\/e2tes.ist.utl.pt\/wordpress\/category\/project\/\">Project<\/a><\/li><\/ul>                        <\/div>\n\n                        <div class=\"he-post-content\">\n                            <h3 class=\"he-post-title\"><a href=\"https:\/\/e2tes.ist.utl.pt\/wordpress\/2021\/08\/10\/redawn\/\">REDAWN \u2013 Reducing Energy Dependency in Atlantic Area Water Networks, Program Interreg, EU (2016-2021)<\/a><\/h3>\n                            \n                                        <div class=\"he-excerpt\">Research topic: Energy Recovery\t\t\n\t\t\tREDAWN \u2013 Reducing Energy Dependency in Atlantic Area Water Networks\t\t\n\t\tP.I.: prof. Helena Ra...<\/div>\n                                    <\/div>\n                    <\/div>\n                                        <div class=\"he-post-item\">\n                        <div class=\"he-post-thumb\">\n                            <a href=\"https:\/\/e2tes.ist.utl.pt\/wordpress\/2021\/08\/10\/projybcosc\/\">\n                                <div class=\"he-thumb-container\">\n                                                                            <img decoding=\"async\" alt=\"YBCO Superconducting Blocks Inserted in Electromechanical Systems (2016-2019)\" src=\"https:\/\/e2tes.ist.utl.pt\/wordpress\/wp-content\/uploads\/2021\/08\/add1-1.png\">\n                                                                    <\/div>\n                            <\/a>\n                            <ul class=\"post-categories\"><li><a class=\"he-primary-cat he-category-7\" href=\"https:\/\/e2tes.ist.utl.pt\/wordpress\/category\/project\/\">Project<\/a><\/li><\/ul>                        <\/div>\n\n                        <div class=\"he-post-content\">\n                            <h3 class=\"he-post-title\"><a href=\"https:\/\/e2tes.ist.utl.pt\/wordpress\/2021\/08\/10\/projybcosc\/\">YBCO Superconducting Blocks Inserted in Electromechanical Systems (2016-2019)<\/a><\/h3>\n                            \n                                        <div class=\"he-excerpt\">Research topic: Superconductors\t\t\n\t\t\tYBCO Superconducting Blocks Inserted in Electromechanical Systems\t\t\n\t\tP.I.: Prof. Paulo Jos\u00e9 ...<\/div>\n                                    <\/div>\n                    <\/div>\n                                <\/div>\n        <\/div>\n        \t\t<\/div>\n\t\t\t\t<\/div>\n\t\t\t\t<div class=\"elementor-element elementor-element-d991ab1 elementor-widget elementor-widget-spacer\" data-id=\"d991ab1\" data-element_type=\"widget\" data-widget_type=\"spacer.default\">\n\t\t\t\t<div class=\"elementor-widget-container\">\n\t\t\t<style>\/*! elementor - v3.6.7 - 03-07-2022 *\/\n.e-container.e-container--row .elementor-spacer-inner{width:var(--spacer-size)}.e-container.e-container--column .elementor-spacer-inner,.elementor-column .elementor-spacer-inner{height:var(--spacer-size)}<\/style>\t\t<div class=\"elementor-spacer\">\n\t\t\t<div class=\"elementor-spacer-inner\"><\/div>\n\t\t<\/div>\n\t\t\t\t<\/div>\n\t\t\t\t<\/div>\n\t\t\t\t\t<\/div>\n\t\t<\/div>\n\t\t\t\t\t\t\t<\/div>\n\t\t<\/section>\n\t\t\t\t\t\t\t<\/div>\n\t\t","protected":false},"excerpt":{"rendered":"<p>We aim to collaborate in international and national projects in the areas of: application of new materials for power systems, development of energy conversion devices and energy efficiency technologies. Projects Project REDAWN \u2013 Reducing Energy Dependency in Atlantic Area Water Networks, Program Interreg, EU (2016-2021) Research topic: Energy Recovery REDAWN \u2013 Reducing Energy Dependency in [&hellip;]<\/p>\n","protected":false},"author":1,"featured_media":0,"parent":0,"menu_order":0,"comment_status":"closed","ping_status":"closed","template":"elementor_header_footer","meta":[],"_links":{"self":[{"href":"https:\/\/e2tes.ist.utl.pt\/wordpress\/wp-json\/wp\/v2\/pages\/965"}],"collection":[{"href":"https:\/\/e2tes.ist.utl.pt\/wordpress\/wp-json\/wp\/v2\/pages"}],"about":[{"href":"https:\/\/e2tes.ist.utl.pt\/wordpress\/wp-json\/wp\/v2\/types\/page"}],"author":[{"embeddable":true,"href":"https:\/\/e2tes.ist.utl.pt\/wordpress\/wp-json\/wp\/v2\/users\/1"}],"replies":[{"embeddable":true,"href":"https:\/\/e2tes.ist.utl.pt\/wordpress\/wp-json\/wp\/v2\/comments?post=965"}],"version-history":[{"count":40,"href":"https:\/\/e2tes.ist.utl.pt\/wordpress\/wp-json\/wp\/v2\/pages\/965\/revisions"}],"predecessor-version":[{"id":1113,"href":"https:\/\/e2tes.ist.utl.pt\/wordpress\/wp-json\/wp\/v2\/pages\/965\/revisions\/1113"}],"wp:attachment":[{"href":"https:\/\/e2tes.ist.utl.pt\/wordpress\/wp-json\/wp\/v2\/media?parent=965"}],"curies":[{"name":"wp","href":"https:\/\/api.w.org\/{rel}","templated":true}]}}